 factors of ((-248)/14)/(4/(-14))*31.
2, 31
Let j = -344 + 555. What are the prime factors of j?
211
Let d = -44 + 44. Suppose d = 3*k - 0 - 171. What are the prime factors of k?
3, 19
Suppose 4*g - 2*t - 15 - 151 = 0, 5*t + 200 = 5*g. Suppose -5*f + 3*f - l + g = 0, 5*l - 95 = -4*f. What are the prime factors of f?
2, 5
Let z(a) = -a**3 - 8*a**2 - 9*a - 71. List the prime factors of z(-9).
7, 13
Let v = -8 - -27. Let l = -52 + 63. Let i = l + v. List the prime factors of i.
2, 3, 5
Let h = 10 + 12. Suppose 0*w + h = w. List the prime factors of w.
2, 11
Let x(i) = -i**3 - 3*i**2 + 4*i + 1. Let q(k) = -k**3 - 12*k**2 - 11*k - 4. Let y be q(-11). Let o be x(y). What are the prime factors of ((-2)/o - -5) + 19?
2, 11
Suppose -12 = 2*w - 70. List the prime factors of w.
29
Let k = 46 + -61. Let p(o) = -o**3 - 14*o**2 + 14*o + 8. What are the prime factors of p(k)?
23
Let m = 439 - 393. List the prime factors of m.
2, 23
Suppose -880 = 2*u + 2*u. List the prime factors of 10/2 - u - -1.
2, 113
Let z(m) = 27*m + 169. List the prime factors of z(58).
5, 347
Suppose 4*a = 2*q - 2, a - 4*q = 6*a - 30. Let n(o) = -3 + 9*o + 3 - 1. List the prime factors of n(a).
17
Suppose -3*x - h + 1936 = 0, 5*x + 11*h - 9*h - 3227 = 0. List the prime factors of x.
3, 5, 43
Suppose -17 + 55 = c. List the prime factors of 19/c + 82/4.
3, 7
Let v(w) be the second derivative of w**3 - 5*w - 1/12*w**4 - 1/20*w**5 + 3/2*w**2 + 0. List the prime factors of v(-4).
3
Let f = 683 + 110. List the prime factors of f.
13, 61
Let x(g) = 35*g**2 - 26*g - 90. List the prime factors of x(-4).
2, 7, 41
Suppose -7 = a - 9. Let y(j) = 13*j**3 - 2*j**2 - 2*j + 1. List the prime factors of y(a).
3, 31
Let u(m) = -3*m - 16. Let a be u(-4). Let z(w) = -20*w - 1. Let o be z(4). What are the prime factors of a/12*(o - 0)?
3
Suppose -4*y - 4*b = 532, 0 = -y - 2*y + b - 415. Let i = 328 + y. List the prime factors of i.
191
Let s = 1055 + -492. What are the prime factors of s?
563
Let q be (-920)/60*(-21)/2. Suppose 6*g - q = 163. Let r = -27 + g. What are the prime factors of r?
3
Let g = 322 + -185. What are the prime factors of g?
137
Let f(b) = -6*b + 3. Let n be f(-4). Suppose n = 5*l + 2. Suppose -8*x + 102 = -l*x. List the prime factors of x.
2, 17
Let l be ((-22)/(-6))/(1/3). Let n = l - 6. Suppose 2 - 12 = -n*g. List the prime factors of g.
2
Let r(o) = -194*o + 55. List the prime factors of r(-8).
1607
Let s(g) = 12*g - 21. Suppose 4*i - 5*t = 18, 0 = 4*t + t - 10. List the prime factors of s(i).
3, 7
Let q(x) = 72*x - 32. What are the prime factors of q(13)?
2, 113
Let l = -6810 - -10699. List the prime factors of l.
3889
Suppose -87*y = -97*y + 3970. What are the prime factors of y?
397
What are the prime factors of -7 - ((-1878)/3 - -3)?
2, 7, 11
Suppose 7*t - 62676 = -11*t. List the prime factors of t.
2, 1741
Let g(w) = -21*w**2 - w + 1. Let h be g(1). Suppose 4*z - 3*l = -215, -2*z + 4*l = 2*z + 212. Let n = h - z. List the prime factors of n.
5, 7
Let r = 12 - 12. Suppose -42 = g - r*g. List the prime factors of g/(-49)*(-112)/(-2).
2, 3
Let i be (12/45)/(6/9)*5. Suppose 0 = 3*d - 2*d - 81. Suppose s - d = -i*s. List the prime factors of s.
3
Suppose -59*s + 71668 = -18*s. What are the prime factors of s?
2, 19, 23
Suppose -4*f + 2*h = -1032, f + h - 56 = 196. List the prime factors of f.
2
Suppose 4*j + 346 = 1942. List the prime factors of j.
3, 7, 19
Let j be 3/((-10)/(-4) - 2). Suppose -4*t - j = -7*t. Suppose t*o - 75 = -5. What are the prime factors of o?
5, 7
Let n = -4 - -3. Let k be (-5)/(n + 1/2). Suppose p = 3, 5*p - 53 = -2*z - k. List the prime factors of z.
2, 7
Let y be 4/(-18) + 116/36. Suppose y*j + 159 = 564. List the prime factors of j.
3, 5
Let v(z) = 177*z - 16. List the prime factors of v(2).
2, 13
Suppose -7*h = -11*h + 4, -4317 = -4*f - h. What are the prime factors of f?
13, 83
Suppose -1096 = 32*x - 13576. List the prime factors of x.
2, 3, 5, 13
Suppose b - 5*v + 3*v = 79, -228 = -3*b + 3*v. Suppose 0 = 2*u - 3*n - b, 0 = u + 3*n - 24 - 17. List the prime factors of u.
2, 19
Let u be 0*((-4)/(-8) + 0). Let y(s) = 3*s + 24. Let o be y(u). Let n = o - 11. What are the prime factors of n?
13
Let o = 16 + -32. Let n(f) = 13*f - 3. Let m be n(2). Let t = m + o. What are the prime factors of t?
7
Let j(q) = q + 5. Let o be j(9). Let l = o + -4. Suppose l = 5*h - 5. List the prime factors of h.
3
Suppose -2*c - 1657 = -6*c - 5*a, c - 4*a = 430. What are the prime factors of c?
2, 11, 19
Suppose 76 = j - 215. Let g = -162 + j. What are the prime factors of g?
3, 43
Suppose 0 = 3*v + i + i + 436, 5*v = 5*i - 710. Let s = v - -236. List the prime factors of s.
2, 23
Suppose 156 - 138 = 3*a. Suppose -3*t = 5*j + 2*t, -4*j - t - 6 = 0. What are the prime factors of a/j - (-225)/3?
2, 3
Let m be (-6649)/(-3) + (-30)/(-18). Suppose 11*i = -480 + m. What are the prime factors of i?
2, 79
What are the prime factors of (-1 + 3 - 1) + 1074?
5, 43
Suppose 2*v - 164 = -2*p, v + p = -v + 169. List the prime factors of v.
3, 29
Let p(v) = -3*v - 3. Let l be p(7). What are the prime factors of 16/l + 74/3?
2, 3
Let x(b) = b - 10 - 5*b - 7. List the prime factors of x(-5).
3
Suppose 3*t + 4 = 4*p - 17, 3 = -3*p - 4*t. What are the prime factors of -1 + p - (-54 + 1)?
5, 11
Suppose 7*x = 5*w - 9031, 0 = -3*w + 4*x + 4183 + 1236. List the prime factors of w.
3, 67
What are the prime factors of 2535/4 - (-9)/(-12) - 1?
2, 79
Let j(t) = -2*t**3 - 24*t**2 + 18*t + 29. What are the prime factors of j(-13)?
7, 19
Suppose -2 + 10 = -4*a. Let j be ((-12)/(-16))/(a/(-8)). Suppose -j*b - 3 = -4*b. List the prime factors of b.
3
Let b(n) = -n**3 - 16*n**2 + 30*n + 31. What are the prime factors of b(-18)?
139
Let g = -565 + 743. What are the prime factors of g?
2, 89
Suppose -4*t + i = -4000, t + 0*i - 1021 = -5*i. List the prime factors of t.
7, 11, 13
Let s be 16 + -15 - -1*2. Suppose -s*x = -5*x + 4. List the prime factors of x.
2
Let c be (-4)/22 + 35/11. Let r = c - -7. List the prime factors of (-3 + 4)/(1/r).
2, 5
Suppose 4*l - 9*l = 7455. What are the prime factors of l/(-45) + (-4)/30?
3, 11
Suppose 1370 = 2*u - 4*c, -5*u - 2*c + 3360 = c. Suppose 0 = 80*f - 85*f + u. What are the prime factors of f?
3, 5
Let l = 375 + 471. List the prime factors of l.
2, 3, 47
Let q = 1476 - 1001. What are the prime factors of q?
5, 19
Suppose 6*n - 20 = n. Let p = 4 - n. Suppose 0*v + 4*v - 64 = p. List the prime factors of v.
2
Suppose 3*j + d + 3 = 0, -23 = -0*j + 4*j - 5*d. List the prime factors of (10 - j) + 2 + -4.
2, 5
Suppose 0*y = 3*y + w - 11, 2*y = -5*w - 10. Suppose -3*m + y*m - 6 = 0. Suppose -m*i = 2*i - 145. What are the prime factors of i?
29
Let b(l) = -103*l + 213. List the prime factors of b(-10).
11, 113
Suppose v + 118 = -5*d, -3 = -2*d + 3. Let a = v - -273. What are the prime factors of a?
2, 5, 7
Let d(w) = 6*w**2 - 10*w - 2. Let f be d(2). Suppose -g - f*g = -4*j - 301, 2*g - 3*j = 200. List the prime factors of g.
103
Suppose 8*z + 393 = 7001. What are the prime factors of z?
2, 7, 59
Let i(m) = 6*m + 12. Let f be i(-6). Let r be 6/15 - f/(-10). What are the prime factors of 6/r + 36 + 2?
5, 7
Let x(c) = 21*c**2 - 4*c. Let b = -3 - -5. List the prime factors of x(b).
2, 19
Let y = 1508 + -1018. Suppose 3*s - 4*b - 488 = 0, 5*s - 2*b - y = 2*s. List the prime factors of s.
2, 41
Suppose 0 = 4*s - 2446 + 266. What are the prime factors of s?
5, 109
Let u(p) = p**3 - 5*p**2 + 7*p - 6. Let o be u(8). Suppose 3*q = -15, 4*q = -3*v - 34 + o. What are the prime factors of v?
2, 19
Suppose -10*a + 0*a + 2*a = 0. Suppose a = -b + 4*x + 244, -x = b - 2*x - 247. List the prime factors of b.
2, 31
Let j(d) = -d**2 + 16*d - 16. Let q be j(14). Let u = -7 + q. Suppose 0 = k - u*k + 48. What are the prime factors of k?
2, 3
Let u(o) = -o**3 - 9*o**2 + 11*o + 8. Let y be u(-10). What are the prime factors of (-2)/(-6)*(0 - (y + -319))?
107
Suppose j = -8 + 2. Let g(v) = -19*v - 6. Let f be g(j). Suppose -2*b = b - f. List the prime factors of b.
2, 3
Let p(v) = 235*v + 64. List the prime factors of p(4).
2, 251
Suppose 6*m + 12489 = 29*m. List the prime factors of m.
3, 181
Suppose 294*n - 4833 = 285*n. List the prime factors of n.
3, 179
Let r be 385/14*(-8)/(-10). Suppose 4*